{"id":58,"date":"2009-09-11T08:09:13","date_gmt":"2009-09-11T07:09:13","guid":{"rendered":"http:\/\/casadelalumno.blogs.upv.es\/?page_id=58"},"modified":"2026-03-06T13:18:39","modified_gmt":"2026-03-06T12:18:39","slug":"planta-primera","status":"publish","type":"page","link":"https:\/\/casadelalumno.blogs.upv.es\/?page_id=58","title":{"rendered":"Planta Primera"},"content":{"rendered":"<p><\/p>\n<h2>Aulas de Estudio en Silencio<\/h2>\n<p>Esta primera planta es donde se encuentran la mayor parte de los espacios dedicados al estudio. Dispone de una gran sala de estudio en silencio para el estudio individual, con capacidad para 118 puestos.<\/p>\n<p><a class=\"foobox\" href=\"https:\/\/casadelalumno.blogs.upv.es\/wp-content\/uploads\/2009\/09\/Sala_Silencio.jpg\" rel=\"primer_piso\"><img loading=\"lazy\" decoding=\"async\" class=\"alignnone size-thumbnail wp-image-9730\" src=\"https:\/\/casadelalumno.blogs.upv.es\/wp-content\/uploads\/2009\/09\/Sala_Silencio-150x150.jpg\" alt=\"\" width=\"150\" height=\"150\" hspace=\"5\" vspace=\"5\"><\/a><\/p>\n<h2>Sala Inform\u00e1tica<\/h2>\n<p>Esta aula esta formada por 30 equipos inform\u00e1ticos conectados a Internet, con el paquete inform\u00e1tico Microsoft Office completo, y conectado a dos m\u00e1quinas multifunci\u00f3n (impresora, fotocopiadora y esc\u00e1ner) con sistema de impresi\u00f3n prepago.<\/p>\n<p><a class=\"foobox\" href=\"https:\/\/casadelalumno.blogs.upv.es\/wp-content\/uploads\/2009\/09\/Inform%C3%A1tica_IA.jpg\" rel=\"primer_piso\"><img loading=\"lazy\" decoding=\"async\" class=\"alignnone size-thumbnail wp-image-9730\" src=\"https:\/\/casadelalumno.blogs.upv.es\/wp-content\/uploads\/2009\/09\/Inform%C3%A1tica_IA-150x150.jpg\" alt=\"\" width=\"150\" height=\"150\" hspace=\"5\" vspace=\"5\"><\/a><a class=\"foobox\" href=\"https:\/\/casadelalumno.blogs.upv.es\/wp-content\/uploads\/2009\/09\/Inform%C3%A1tica_IB.jpg\" rel=\"primer_piso\"><img loading=\"lazy\" decoding=\"async\" class=\"alignnone size-thumbnail wp-image-9730\" src=\"https:\/\/casadelalumno.blogs.upv.es\/wp-content\/uploads\/2009\/09\/Inform%C3%A1tica_IB-150x150.jpg\" alt=\"\" width=\"150\" height=\"150\" hspace=\"5\" vspace=\"5\"><\/a><\/p>\n<h2>Sala Asociaciones<\/h2>\n<p>En otro espacio se encuentra la Sala de Asociaciones de alumnos de la UPV. Este espacio se concibe como un hotel para las asociaciones de alumnos de la Universidad, o aquellas que tienen convenio con la UPV. Consta de 7 mesas equipadas con ordenador, tel\u00e9fono y armarios e impresora en red.<\/p>\n<p>En este espacio se encuentra las asociaciones IAESTE, Club de Rol, BEST, CSU, AEGEE.<\/p>\n<p>Aqu\u00ed tambi\u00e9n se encuentra la asociaci\u00f3n <a href=\"http:\/\/www.esnvalenciaupv.es\/\" target=\"_blank\" rel=\"noopener\">ESN<\/a><\/p>\n<h2>Sala Grados<\/h2>\n<p>Por \u00faltimo en esta planta encontramos la Sala de Grados de la planta primera. Esta sala esta preparada para una capacidad de 30 personas. Esta dotada de un sistema de megafon\u00eda inal\u00e1mbrico y ca\u00f1\u00f3n de proyecci\u00f3n fijo y permite la conexi\u00f3n m\u00faltiples entradas de audio. Dispone de una pantalla, un ca\u00f1\u00f3n de v\u00eddeo fijo y una pizarra blanca.<\/p>\n<p><a class=\"foobox\" href=\"https:\/\/casadelalumno.blogs.upv.es\/wp-content\/uploads\/2009\/09\/Grados_I.jpg\" rel=\"primer_piso\"><img loading=\"lazy\" decoding=\"async\" class=\"alignnone size-thumbnail wp-image-9730\" src=\"https:\/\/casadelalumno.blogs.upv.es\/wp-content\/uploads\/2009\/09\/Grados_I-150x150.jpg\" alt=\"\" width=\"150\" height=\"150\" hspace=\"5\" vspace=\"5\"><\/a><\/p>\n<h2>Sal\u00f3n Social<\/h2>\n<p>En esta sala encontrar\u00e1s el billar, los futbolines, los sof\u00e1s y el hockey de aire.<\/p>\n<p><a class=\"foobox\" href=\"https:\/\/casadelalumno.blogs.upv.es\/wp-content\/uploads\/2009\/09\/sala_social2.jpg\" rel=\"primer_piso\"><img loading=\"lazy\" decoding=\"async\" class=\"alignnone size-thumbnail wp-image-9730\" src=\"https:\/\/casadelalumno.blogs.upv.es\/wp-content\/uploads\/2009\/09\/sala_social2-150x150.jpg\" alt=\"\" width=\"150\" height=\"150\" hspace=\"5\" vspace=\"5\"><\/a><a class=\"foobox\" href=\"https:\/\/casadelalumno.blogs.upv.es\/wp-content\/uploads\/2009\/09\/Sala_Social.jpg\" rel=\"primer_piso\"><img loading=\"lazy\" decoding=\"async\" class=\"alignnone size-thumbnail wp-image-9730\" src=\"https:\/\/casadelalumno.blogs.upv.es\/wp-content\/uploads\/2009\/09\/Sala_Social-150x150.jpg\" alt=\"\" width=\"150\" height=\"150\" hspace=\"5\" vspace=\"5\"><\/a><\/p>","protected":false},"excerpt":{"rendered":"<p>Aulas de Estudio en Silencio Esta primera planta es donde se encuentran la mayor parte de los espacios dedicados al estudio. Dispone de una gran sala de estudio en silencio para el estudio individual, con capacidad para 118 puestos. Sala Inform\u00e1tica Esta aula esta formada por 30 equipos inform\u00e1ticos conectados a Internet, con el paquete [&hellip;]<\/p>\n","protected":false},"author":1,"featured_media":0,"parent":23,"menu_order":2,"comment_status":"closed","ping_status":"closed","template":"","meta":{"ngg_post_thumbnail":0,"footnotes":""},"class_list":["post-58","page","type-page","status-publish","hentry"],"yoast_head":"<!-- This site is optimized with the Yoast SEO plugin v27.3 - https:\/\/yoast.com\/product\/yoast-seo-wordpress\/ -->\n<title>Planta Primera - Casa del Estudiante<\/title>\n<meta name=\"robots\" content=\"index, follow, max-snippet:-1, max-image-preview:large, max-video-preview:-1\" \/>\n<link rel=\"canonical\" href=\"https:\/\/casadelalumno.blogs.upv.es\/?page_id=58\" \/>\n<meta property=\"og:locale\" content=\"es_ES\" \/>\n<meta property=\"og:type\" content=\"article\" \/>\n<meta property=\"og:title\" content=\"[:es]Planta Primera[:vl]Planta Primera[:en]1st Floor[:] - Casa del Estudiante\" \/>\n<meta property=\"og:description\" content=\"Aulas de Estudio en Silencio Esta primera planta es donde se encuentran la mayor parte de los espacios dedicados al estudio. Dispone de una gran sala de estudio en silencio para el estudio individual, con capacidad para 118 puestos. Sala Inform\u00e1tica Esta aula esta formada por 30 equipos inform\u00e1ticos conectados a Internet, con el paquete [&hellip;]\" \/>\n<meta property=\"og:url\" content=\"https:\/\/casadelalumno.blogs.upv.es\/?page_id=58\" \/>\n<meta property=\"og:site_name\" content=\"Casa del Estudiante\" \/>\n<meta property=\"article:modified_time\" content=\"2026-03-06T12:18:39+00:00\" \/>\n<meta property=\"og:image\" content=\"https:\/\/casadelalumno.blogs.upv.es\/wp-content\/uploads\/2016\/10\/DSC_0025.jpg\" \/>\n\t<meta property=\"og:image:width\" content=\"3216\" \/>\n\t<meta property=\"og:image:height\" content=\"2136\" \/>\n\t<meta property=\"og:image:type\" content=\"image\/jpeg\" \/>\n<meta name=\"twitter:card\" content=\"summary_large_image\" \/>\n<meta name=\"twitter:label1\" content=\"Tiempo de lectura\" \/>\n\t<meta name=\"twitter:data1\" content=\"3 minutos\" \/>\n<script type=\"application\/ld+json\" class=\"yoast-schema-graph\">{\"@context\":\"https:\\\/\\\/schema.org\",\"@graph\":[{\"@type\":\"WebPage\",\"@id\":\"https:\\\/\\\/casadelalumno.blogs.upv.es\\\/?page_id=58\",\"url\":\"https:\\\/\\\/casadelalumno.blogs.upv.es\\\/?page_id=58\",\"name\":\"[:es]Planta Primera[:vl]Planta Primera[:en]1st Floor[:] - Casa del Estudiante\",\"isPartOf\":{\"@id\":\"https:\\\/\\\/casadelalumno.blogs.upv.es\\\/#website\"},\"primaryImageOfPage\":{\"@id\":\"https:\\\/\\\/casadelalumno.blogs.upv.es\\\/?page_id=58#primaryimage\"},\"image\":{\"@id\":\"https:\\\/\\\/casadelalumno.blogs.upv.es\\\/?page_id=58#primaryimage\"},\"thumbnailUrl\":\"https:\\\/\\\/casadelalumno.blogs.upv.es\\\/wp-content\\\/uploads\\\/2009\\\/09\\\/Sala_Silencio-150x150.jpg\",\"datePublished\":\"2009-09-11T07:09:13+00:00\",\"dateModified\":\"2026-03-06T12:18:39+00:00\",\"breadcrumb\":{\"@id\":\"https:\\\/\\\/casadelalumno.blogs.upv.es\\\/?page_id=58#breadcrumb\"},\"inLanguage\":\"es\",\"potentialAction\":[{\"@type\":\"ReadAction\",\"target\":[\"https:\\\/\\\/casadelalumno.blogs.upv.es\\\/?page_id=58\"]}]},{\"@type\":\"ImageObject\",\"inLanguage\":\"es\",\"@id\":\"https:\\\/\\\/casadelalumno.blogs.upv.es\\\/?page_id=58#primaryimage\",\"url\":\"https:\\\/\\\/casadelalumno.blogs.upv.es\\\/wp-content\\\/uploads\\\/2016\\\/10\\\/DSC_0025.jpg\",\"contentUrl\":\"https:\\\/\\\/casadelalumno.blogs.upv.es\\\/wp-content\\\/uploads\\\/2016\\\/10\\\/DSC_0025.jpg\",\"width\":3216,\"height\":2136},{\"@type\":\"BreadcrumbList\",\"@id\":\"https:\\\/\\\/casadelalumno.blogs.upv.es\\\/?page_id=58#breadcrumb\",\"itemListElement\":[{\"@type\":\"ListItem\",\"position\":1,\"name\":\"Portada\",\"item\":\"https:\\\/\\\/casadelalumno.blogs.upv.es\\\/\"},{\"@type\":\"ListItem\",\"position\":2,\"name\":\"La Casa\",\"item\":\"https:\\\/\\\/casadelalumno.blogs.upv.es\\\/\"},{\"@type\":\"ListItem\",\"position\":3,\"name\":\"Instalaciones\",\"item\":\"https:\\\/\\\/casadelalumno.blogs.upv.es\\\/?page_id=23\"},{\"@type\":\"ListItem\",\"position\":4,\"name\":\"Planta Primera\"}]},{\"@type\":\"WebSite\",\"@id\":\"https:\\\/\\\/casadelalumno.blogs.upv.es\\\/#website\",\"url\":\"https:\\\/\\\/casadelalumno.blogs.upv.es\\\/\",\"name\":\"Casa del Estudiante\",\"description\":\"P\u00e1gina web del CALUM de la UPV en Campus Vera\",\"potentialAction\":[{\"@type\":\"SearchAction\",\"target\":{\"@type\":\"EntryPoint\",\"urlTemplate\":\"https:\\\/\\\/casadelalumno.blogs.upv.es\\\/?s={search_term_string}\"},\"query-input\":{\"@type\":\"PropertyValueSpecification\",\"valueRequired\":true,\"valueName\":\"search_term_string\"}}],\"inLanguage\":\"es\"}]}<\/script>\n<!-- \/ Yoast SEO plugin. -->","yoast_head_json":{"title":"[:es]Planta Primera[:vl]Planta Primera[:en]1st Floor[:] - Casa del Estudiante","robots":{"index":"index","follow":"follow","max-snippet":"max-snippet:-1","max-image-preview":"max-image-preview:large","max-video-preview":"max-video-preview:-1"},"canonical":"https:\/\/casadelalumno.blogs.upv.es\/?page_id=58","og_locale":"es_ES","og_type":"article","og_title":"[:es]Planta Primera[:vl]Planta Primera[:en]1st Floor[:] - Casa del Estudiante","og_description":"Aulas de Estudio en Silencio Esta primera planta es donde se encuentran la mayor parte de los espacios dedicados al estudio. Dispone de una gran sala de estudio en silencio para el estudio individual, con capacidad para 118 puestos. Sala Inform\u00e1tica Esta aula esta formada por 30 equipos inform\u00e1ticos conectados a Internet, con el paquete [&hellip;]","og_url":"https:\/\/casadelalumno.blogs.upv.es\/?page_id=58","og_site_name":"Casa del Estudiante","article_modified_time":"2026-03-06T12:18:39+00:00","og_image":[{"width":3216,"height":2136,"url":"https:\/\/casadelalumno.blogs.upv.es\/wp-content\/uploads\/2016\/10\/DSC_0025.jpg","type":"image\/jpeg"}],"twitter_card":"summary_large_image","twitter_misc":{"Tiempo de lectura":"3 minutos"},"schema":{"@context":"https:\/\/schema.org","@graph":[{"@type":"WebPage","@id":"https:\/\/casadelalumno.blogs.upv.es\/?page_id=58","url":"https:\/\/casadelalumno.blogs.upv.es\/?page_id=58","name":"[:es]Planta Primera[:vl]Planta Primera[:en]1st Floor[:] - Casa del Estudiante","isPartOf":{"@id":"https:\/\/casadelalumno.blogs.upv.es\/#website"},"primaryImageOfPage":{"@id":"https:\/\/casadelalumno.blogs.upv.es\/?page_id=58#primaryimage"},"image":{"@id":"https:\/\/casadelalumno.blogs.upv.es\/?page_id=58#primaryimage"},"thumbnailUrl":"https:\/\/casadelalumno.blogs.upv.es\/wp-content\/uploads\/2009\/09\/Sala_Silencio-150x150.jpg","datePublished":"2009-09-11T07:09:13+00:00","dateModified":"2026-03-06T12:18:39+00:00","breadcrumb":{"@id":"https:\/\/casadelalumno.blogs.upv.es\/?page_id=58#breadcrumb"},"inLanguage":"es","potentialAction":[{"@type":"ReadAction","target":["https:\/\/casadelalumno.blogs.upv.es\/?page_id=58"]}]},{"@type":"ImageObject","inLanguage":"es","@id":"https:\/\/casadelalumno.blogs.upv.es\/?page_id=58#primaryimage","url":"https:\/\/casadelalumno.blogs.upv.es\/wp-content\/uploads\/2016\/10\/DSC_0025.jpg","contentUrl":"https:\/\/casadelalumno.blogs.upv.es\/wp-content\/uploads\/2016\/10\/DSC_0025.jpg","width":3216,"height":2136},{"@type":"BreadcrumbList","@id":"https:\/\/casadelalumno.blogs.upv.es\/?page_id=58#breadcrumb","itemListElement":[{"@type":"ListItem","position":1,"name":"Portada","item":"https:\/\/casadelalumno.blogs.upv.es\/"},{"@type":"ListItem","position":2,"name":"La Casa","item":"https:\/\/casadelalumno.blogs.upv.es\/"},{"@type":"ListItem","position":3,"name":"Instalaciones","item":"https:\/\/casadelalumno.blogs.upv.es\/?page_id=23"},{"@type":"ListItem","position":4,"name":"Planta Primera"}]},{"@type":"WebSite","@id":"https:\/\/casadelalumno.blogs.upv.es\/#website","url":"https:\/\/casadelalumno.blogs.upv.es\/","name":"Casa del Estudiante","description":"P\u00e1gina web del CALUM de la UPV en Campus Vera","potentialAction":[{"@type":"SearchAction","target":{"@type":"EntryPoint","urlTemplate":"https:\/\/casadelalumno.blogs.upv.es\/?s={search_term_string}"},"query-input":{"@type":"PropertyValueSpecification","valueRequired":true,"valueName":"search_term_string"}}],"inLanguage":"es"}]}},"_links":{"self":[{"href":"https:\/\/casadelalumno.blogs.upv.es\/index.php?rest_route=\/wp\/v2\/pages\/58","targetHints":{"allow":["GET"]}}],"collection":[{"href":"https:\/\/casadelalumno.blogs.upv.es\/index.php?rest_route=\/wp\/v2\/pages"}],"about":[{"href":"https:\/\/casadelalumno.blogs.upv.es\/index.php?rest_route=\/wp\/v2\/types\/page"}],"author":[{"embeddable":true,"href":"https:\/\/casadelalumno.blogs.upv.es\/index.php?rest_route=\/wp\/v2\/users\/1"}],"replies":[{"embeddable":true,"href":"https:\/\/casadelalumno.blogs.upv.es\/index.php?rest_route=%2Fwp%2Fv2%2Fcomments&post=58"}],"version-history":[{"count":2,"href":"https:\/\/casadelalumno.blogs.upv.es\/index.php?rest_route=\/wp\/v2\/pages\/58\/revisions"}],"predecessor-version":[{"id":34277,"href":"https:\/\/casadelalumno.blogs.upv.es\/index.php?rest_route=\/wp\/v2\/pages\/58\/revisions\/34277"}],"up":[{"embeddable":true,"href":"https:\/\/casadelalumno.blogs.upv.es\/index.php?rest_route=\/wp\/v2\/pages\/23"}],"wp:attachment":[{"href":"https:\/\/casadelalumno.blogs.upv.es\/index.php?rest_route=%2Fwp%2Fv2%2Fmedia&parent=58"}],"curies":[{"name":"wp","href":"https:\/\/api.w.org\/{rel}","templated":true}]}}