{"id":1039,"date":"2011-12-13T09:57:48","date_gmt":"2011-12-13T08:57:48","guid":{"rendered":"http:\/\/casadelalumno.blogs.upv.es\/?page_id=1039"},"modified":"2025-02-10T11:45:01","modified_gmt":"2025-02-10T10:45:01","slug":"contacto","status":"publish","type":"page","link":"https:\/\/casadelalumno.blogs.upv.es\/?page_id=1039","title":{"rendered":"Contact information"},"content":{"rendered":"<p><\/p>\n<h2>Informaci\u00f3n de contacto<\/h2>\n<p><strong>Direcci\u00f3n electr\u00f3nica:<\/strong> &nbsp; <a style=\"text-decoration: none;color: blue\" href=\"mailto:casalum@ddaa.upv.es\">casalum@ddaa.upv.es<\/a><\/p>\n<p><strong>Direcci\u00f3n postal:<\/strong>&nbsp;&nbsp; Casa del Alumno. Camino de Vera, s\/n 46022 Valencia<\/p>\n<p><strong>Tel\u00e9fono:<\/strong>&nbsp;&nbsp; +34 963879407<\/p>\n<p><strong>Ubicaci\u00f3n:<\/strong>&nbsp;&nbsp; Edificio 4K<\/p>\n<p>&nbsp;<\/p>\n<h2>Tel\u00e9fonos<\/h2>\n<table style=\"height: 146px\" width=\"365\">\n<tbody>\n<tr>\n<th style=\"text-align: center\" scope=\"col\"><strong>Externo<\/strong><\/th>\n<th style=\"text-align: center\" scope=\"col\"><strong>Extensi\u00f3n<\/strong><\/th>\n<th style=\"text-align: center\" scope=\"col\"><strong>Servicio<\/strong><\/th>\n<\/tr>\n<tr>\n<td style=\"text-align: center\">+34 963879407<\/td>\n<td style=\"text-align: center\">79407<\/td>\n<td style=\"text-align: center\">Informaci\u00f3n<\/td>\n<\/tr>\n<tr>\n<td style=\"text-align: center\">+34 963879405<\/td>\n<td style=\"text-align: center\">79405<\/td>\n<td style=\"text-align: center\">Administracion<\/td>\n<\/tr>\n<\/tbody>\n<\/table>\n<p><\/p>","protected":false},"excerpt":{"rendered":"<p>Informaci\u00f3n de contacto Direcci\u00f3n electr\u00f3nica: &nbsp; casalum@ddaa.upv.es Direcci\u00f3n postal:&nbsp;&nbsp; Casa del Alumno. Camino de Vera, s\/n 46022 Valencia Tel\u00e9fono:&nbsp;&nbsp; +34 963879407 Ubicaci\u00f3n:&nbsp;&nbsp; Edificio 4K &nbsp; Tel\u00e9fonos Externo Extensi\u00f3n Servicio +34 963879407 79407 Informaci\u00f3n +34 963879405 79405 Administracion<\/p>\n","protected":false},"author":356,"featured_media":0,"parent":1841,"menu_order":0,"comment_status":"closed","ping_status":"closed","template":"","meta":{"ngg_post_thumbnail":0,"footnotes":""},"class_list":["post-1039","page","type-page","status-publish","hentry"],"yoast_head":"<!-- This site is optimized with the Yoast SEO plugin v27.4 - https:\/\/yoast.com\/product\/yoast-seo-wordpress\/ -->\n<title>Contact information - Casa del Estudiante<\/title>\n<meta name=\"robots\" content=\"index, follow, max-snippet:-1, max-image-preview:large, max-video-preview:-1\" \/>\n<link rel=\"canonical\" href=\"https:\/\/casadelalumno.blogs.upv.es\/?page_id=1039\" \/>\n<meta property=\"og:locale\" content=\"es_ES\" \/>\n<meta property=\"og:type\" content=\"article\" \/>\n<meta property=\"og:title\" content=\"[:es]Contact information[:vl]Informaci\u00f3 de contacte[:en]Contact information[:] - Casa del Estudiante\" \/>\n<meta property=\"og:description\" content=\"Informaci\u00f3n de contacto Direcci\u00f3n electr\u00f3nica: &nbsp; casalum@ddaa.upv.es Direcci\u00f3n postal:&nbsp;&nbsp; Casa del Alumno. Camino de Vera, s\/n 46022 Valencia Tel\u00e9fono:&nbsp;&nbsp; +34 963879407 Ubicaci\u00f3n:&nbsp;&nbsp; Edificio 4K &nbsp; Tel\u00e9fonos Externo Extensi\u00f3n Servicio +34 963879407 79407 Informaci\u00f3n +34 963879405 79405 Administracion\" \/>\n<meta property=\"og:url\" content=\"https:\/\/casadelalumno.blogs.upv.es\/?page_id=1039\" \/>\n<meta property=\"og:site_name\" content=\"Casa del Estudiante\" \/>\n<meta property=\"article:modified_time\" content=\"2025-02-10T10:45:01+00:00\" \/>\n<meta name=\"twitter:card\" content=\"summary_large_image\" \/>\n<meta name=\"twitter:label1\" content=\"Tiempo de lectura\" \/>\n\t<meta name=\"twitter:data1\" content=\"1 minuto\" \/>\n<script type=\"application\/ld+json\" class=\"yoast-schema-graph\">{\"@context\":\"https:\\\/\\\/schema.org\",\"@graph\":[{\"@type\":\"WebPage\",\"@id\":\"https:\\\/\\\/casadelalumno.blogs.upv.es\\\/?page_id=1039\",\"url\":\"https:\\\/\\\/casadelalumno.blogs.upv.es\\\/?page_id=1039\",\"name\":\"[:es]Contact information[:vl]Informaci\u00f3 de contacte[:en]Contact information[:] - Casa del Estudiante\",\"isPartOf\":{\"@id\":\"https:\\\/\\\/casadelalumno.blogs.upv.es\\\/#website\"},\"datePublished\":\"2011-12-13T08:57:48+00:00\",\"dateModified\":\"2025-02-10T10:45:01+00:00\",\"breadcrumb\":{\"@id\":\"https:\\\/\\\/casadelalumno.blogs.upv.es\\\/?page_id=1039#breadcrumb\"},\"inLanguage\":\"es\",\"potentialAction\":[{\"@type\":\"ReadAction\",\"target\":[\"https:\\\/\\\/casadelalumno.blogs.upv.es\\\/?page_id=1039\"]}]},{\"@type\":\"BreadcrumbList\",\"@id\":\"https:\\\/\\\/casadelalumno.blogs.upv.es\\\/?page_id=1039#breadcrumb\",\"itemListElement\":[{\"@type\":\"ListItem\",\"position\":1,\"name\":\"Portada\",\"item\":\"https:\\\/\\\/casadelalumno.blogs.upv.es\\\/\"},{\"@type\":\"ListItem\",\"position\":2,\"name\":\"Contacte\",\"item\":\"https:\\\/\\\/casadelalumno.blogs.upv.es\\\/?page_id=1841&lang=vl\"},{\"@type\":\"ListItem\",\"position\":3,\"name\":\"Contact information\"}]},{\"@type\":\"WebSite\",\"@id\":\"https:\\\/\\\/casadelalumno.blogs.upv.es\\\/#website\",\"url\":\"https:\\\/\\\/casadelalumno.blogs.upv.es\\\/\",\"name\":\"Casa del Estudiante\",\"description\":\"P\u00e1gina web del CALUM de la UPV en Campus Vera\",\"potentialAction\":[{\"@type\":\"SearchAction\",\"target\":{\"@type\":\"EntryPoint\",\"urlTemplate\":\"https:\\\/\\\/casadelalumno.blogs.upv.es\\\/?s={search_term_string}\"},\"query-input\":{\"@type\":\"PropertyValueSpecification\",\"valueRequired\":true,\"valueName\":\"search_term_string\"}}],\"inLanguage\":\"es\"}]}<\/script>\n<!-- \/ Yoast SEO plugin. -->","yoast_head_json":{"title":"[:es]Contact information[:vl]Informaci\u00f3 de contacte[:en]Contact information[:] - Casa del Estudiante","robots":{"index":"index","follow":"follow","max-snippet":"max-snippet:-1","max-image-preview":"max-image-preview:large","max-video-preview":"max-video-preview:-1"},"canonical":"https:\/\/casadelalumno.blogs.upv.es\/?page_id=1039","og_locale":"es_ES","og_type":"article","og_title":"[:es]Contact information[:vl]Informaci\u00f3 de contacte[:en]Contact information[:] - Casa del Estudiante","og_description":"Informaci\u00f3n de contacto Direcci\u00f3n electr\u00f3nica: &nbsp; casalum@ddaa.upv.es Direcci\u00f3n postal:&nbsp;&nbsp; Casa del Alumno. Camino de Vera, s\/n 46022 Valencia Tel\u00e9fono:&nbsp;&nbsp; +34 963879407 Ubicaci\u00f3n:&nbsp;&nbsp; Edificio 4K &nbsp; Tel\u00e9fonos Externo Extensi\u00f3n Servicio +34 963879407 79407 Informaci\u00f3n +34 963879405 79405 Administracion","og_url":"https:\/\/casadelalumno.blogs.upv.es\/?page_id=1039","og_site_name":"Casa del Estudiante","article_modified_time":"2025-02-10T10:45:01+00:00","twitter_card":"summary_large_image","twitter_misc":{"Tiempo de lectura":"1 minuto"},"schema":{"@context":"https:\/\/schema.org","@graph":[{"@type":"WebPage","@id":"https:\/\/casadelalumno.blogs.upv.es\/?page_id=1039","url":"https:\/\/casadelalumno.blogs.upv.es\/?page_id=1039","name":"[:es]Contact information[:vl]Informaci\u00f3 de contacte[:en]Contact information[:] - Casa del Estudiante","isPartOf":{"@id":"https:\/\/casadelalumno.blogs.upv.es\/#website"},"datePublished":"2011-12-13T08:57:48+00:00","dateModified":"2025-02-10T10:45:01+00:00","breadcrumb":{"@id":"https:\/\/casadelalumno.blogs.upv.es\/?page_id=1039#breadcrumb"},"inLanguage":"es","potentialAction":[{"@type":"ReadAction","target":["https:\/\/casadelalumno.blogs.upv.es\/?page_id=1039"]}]},{"@type":"BreadcrumbList","@id":"https:\/\/casadelalumno.blogs.upv.es\/?page_id=1039#breadcrumb","itemListElement":[{"@type":"ListItem","position":1,"name":"Portada","item":"https:\/\/casadelalumno.blogs.upv.es\/"},{"@type":"ListItem","position":2,"name":"Contacte","item":"https:\/\/casadelalumno.blogs.upv.es\/?page_id=1841&lang=vl"},{"@type":"ListItem","position":3,"name":"Contact information"}]},{"@type":"WebSite","@id":"https:\/\/casadelalumno.blogs.upv.es\/#website","url":"https:\/\/casadelalumno.blogs.upv.es\/","name":"Casa del Estudiante","description":"P\u00e1gina web del CALUM de la UPV en Campus Vera","potentialAction":[{"@type":"SearchAction","target":{"@type":"EntryPoint","urlTemplate":"https:\/\/casadelalumno.blogs.upv.es\/?s={search_term_string}"},"query-input":{"@type":"PropertyValueSpecification","valueRequired":true,"valueName":"search_term_string"}}],"inLanguage":"es"}]}},"_links":{"self":[{"href":"https:\/\/casadelalumno.blogs.upv.es\/index.php?rest_route=\/wp\/v2\/pages\/1039","targetHints":{"allow":["GET"]}}],"collection":[{"href":"https:\/\/casadelalumno.blogs.upv.es\/index.php?rest_route=\/wp\/v2\/pages"}],"about":[{"href":"https:\/\/casadelalumno.blogs.upv.es\/index.php?rest_route=\/wp\/v2\/types\/page"}],"author":[{"embeddable":true,"href":"https:\/\/casadelalumno.blogs.upv.es\/index.php?rest_route=\/wp\/v2\/users\/356"}],"replies":[{"embeddable":true,"href":"https:\/\/casadelalumno.blogs.upv.es\/index.php?rest_route=%2Fwp%2Fv2%2Fcomments&post=1039"}],"version-history":[{"count":2,"href":"https:\/\/casadelalumno.blogs.upv.es\/index.php?rest_route=\/wp\/v2\/pages\/1039\/revisions"}],"predecessor-version":[{"id":33264,"href":"https:\/\/casadelalumno.blogs.upv.es\/index.php?rest_route=\/wp\/v2\/pages\/1039\/revisions\/33264"}],"up":[{"embeddable":true,"href":"https:\/\/casadelalumno.blogs.upv.es\/index.php?rest_route=\/wp\/v2\/pages\/1841"}],"wp:attachment":[{"href":"https:\/\/casadelalumno.blogs.upv.es\/index.php?rest_route=%2Fwp%2Fv2%2Fmedia&parent=1039"}],"curies":[{"name":"wp","href":"https:\/\/api.w.org\/{rel}","templated":true}]}}